 -1). Suppose a + 2*a = 12. Suppose -a*i + o = -40. List the prime factors of i.
2, 7
Suppose 4*a - 3*c = 374, 0 = -a - 3*a + c + 378. What are the prime factors of a?
5, 19
Let l(o) = -8*o - 13. What are the prime factors of l(-6)?
5, 7
Let x(c) = 5*c**2 + 4*c - 3. Let g be x(4). Suppose -h = -0*h + 3*s - g, -3*s + 171 = 2*h. List the prime factors of h/10 - (-8)/40.
2
Suppose 34 = 2*k + 3*z, 4*k - 47 - 9 = -3*z. List the prime factors of k.
11
Suppose 4*a = a. What are the prime factors of (-2 + a)*(-68)/8?
17
Suppose -2*a = -10 - 10. List the prime factors of (-26)/(-4) + (-5)/a.
2, 3
Let m(i) = 16*i + 1. Suppose 0*c - 5*c + 5 = -5*p, 3*c = -4*p + 10. What are the prime factors of m(c)?
3, 11
Suppose 0 = -2*p - 3*p - 45. Let z = p - -18. What are the prime factors of z?
3
Let d(o) = -o**3 + 6*o**2 - 5*o - 3. Suppose -2 = -v + 2. What are the prime factors of d(v)?
3
Suppose 50 = -3*o + 4*p, -4*p - 5 = p. Suppose 0 = -i - 0*i + 32. Let f = o + i. List the prime factors of f.
2, 7
Let x be (-5)/((-15)/4)*9. Suppose -5*s - 3*m + 32 = -0*s, 3*m - x = 0. List the prime factors of s.
2
Let x(d) = d**3 - d**2 + 2*d - 2. Let y be x(2). Let m(s) = -s**2 + 6*s + 2. List the prime factors of m(y).
2
Let f be -3 + 1 + 6/1. Suppose 4*l = 8 + f. Suppose 0 = -2*y - 5*v + 41, -l*y - 5*v + 25 + 24 = 0. List the prime factors of y.
2
Suppose 0 = -5*l - 4*p + 152, l = -4*l + p + 162. List the prime factors of l.
2
Let n = 20 - 18. List the prime factors of (-28 + 2)/(0 - n).
13
Suppose -2*j - 3*d + 6 = 0, 4*j = -2*d + 4 - 0. Suppose -4*b = -j*b - 28. List the prime factors of b.
7
Let z be 3 - 6/(2/2). Let f(v) = v**2 - 2*v. Let w be f(z). Let s = -6 + w. List the prime factors of s.
3
Let r be 3/(-1)*2/(-2). Suppose 25 + 20 = -r*w. Let i = -6 - w. List the prime factors of i.
3
Let v = 6 - 12. What are the prime factors of (3/v)/(4/(-184))?
23
Suppose 0 = q - 2*q - 5*i + 21, 3*q = 4*i - 13. Let k = 15 + q. List the prime factors of k.
2
Let s = -392 + 573. What are the prime factors of s?
181
Let k = 3 - 1. Suppose 0 = -p - k*p + 12. Suppose -3*o + p*h = -15, -3*o + 21 = -2*h - 0*h. What are the prime factors of o?
3
Suppose 5*g = 5*l - 25, -3*l + 4*g = -11 - 4. Let k be 1/(3 - 2) + -5. Let w = l - k. What are the prime factors of w?
3
What are the prime factors of 1/(-4) - (-1176)/96?
2, 3
Suppose -6*b = -b + m - 813, 0 = 5*b - 3*m - 801. List the prime factors of 15/10 - b/(-4).
2, 3, 7
Let c = 86 - 56. Let h be ((-2)/(-4))/(3/c). List the prime factors of (-5)/(h/(-4)) - 0.
2
Suppose 3*m - 516 - 174 = -4*p, 3*m = -5*p + 864. What are the prime factors of p?
2, 3, 29
Let v(p) be the first derivative of p**2/2 + 17*p - 1. What are the prime factors of v(-13)?
2
Suppose -4*y - 2*x - 2*x + 144 = 0, -y + 44 = 5*x. What are the prime factors of y?
2, 17
Let a = 15 + 3. What are the prime factors of -7*(a/14 - 3)?
2, 3
Let t be (-3 - -5) + 0/(-2). Suppose -t*g = -g - 24. What are the prime factors of g?
2, 3
Suppose -9 = z + 4*p - 1, -2*z - p + 5 = 0. Let k(l) be the second derivative of -l**5/20 + 5*l**4/12 - 3*l**2/2 - l. What are the prime factors of k(z)?
13
Let v be ((-20)/6)/(6/18). Let u be 16/20*v/(-4). What are the prime factors of 0 - (3 + -7 + u)?
2
Let m be ((-1)/1)/(4/4). Let s = m - -2. What are the prime factors of 2/(10/8 - s)?
2
Let q be 1/5 + (-90)/(-50). Suppose 0 = -2*i + 38 - q. List the prime factors of i.
2, 3
Suppose 5*w - w = 36. List the prime factors of w.
3
Let z(t) = t**3 + 7*t**2 + 8*t + 12. Let x be z(-6). Suppose x = -5*f + f + 52. List the prime factors of f.
13
Let u(b) = 2 - 14*b - 5*b + 4*b - 5*b. What are the prime factors of u(-1)?
2, 11
Let f(j) = j**3 - 2*j**2 - 5*j - 2. Let l be f(4). Suppose 5*q = 5*a - l, a = 5*a + 3*q + 27. Let c(d) = -d**3 - 2*d**2. What are the prime factors of c(a)?
3
Let j(m) = 2*m - 3. Let x be j(3). Suppose 0 = x*d - d - 34. List the prime factors of d.
17
Suppose -2*n - 4 = 36. Let o = n + 27. What are the prime factors of o?
7
Let j = -15 - -18. List the prime factors of (j + -9)*(-5)/3.
2, 5
Suppose 2*z - 3*x = -0*x + 71, 0 = z + 2*x - 46. What are the prime factors of z?
2, 5
Let w = -9 - 4. List the prime factors of 56/3*(-39)/w.
2, 7
Let a(h) = -h**3 + 2*h**2 - h + 3. Let f be a(5). Let p = f - -117. What are the prime factors of p?
2, 5
Suppose -2*a + 3*a = -1. Let l = 2 - a. List the prime factors of l.
3
Let c = 75 + 3. List the prime factors of c.
2, 3, 13
Suppose 5*a - 4*x - 15 = 0, 4 = a - 3*x + 1. Suppose -i = -a*i + 28. Suppose -5*c - 14 = -2*f - 0*c, i = 2*f + c. List the prime factors of f.
7
Suppose 0 = -4*g - 4 - 8. Let l(b) = -2*b**3 - 4*b**2 + b + 1. Let t be l(g). Let y = t - 6. List the prime factors of y.
2, 5
Let l = -16 + 50. What are the prime factors of l?
2, 17
Suppose -3*n - 201 = -6*n. What are the prime factors of n?
67
Let o(g) = -g**3 - 5*g**2 - 4*g - 6. Let u be o(-4). List the prime factors of ((-15)/u)/1*2.
5
Let p be -10*(4/8 + -1). Let b(n) = 5*n + 6. List the prime factors of b(p).
31
Let t(i) = -i**2 + 10*i + 8. Let n be t(9). Suppose -n - 18 = -5*z. Let h = z + -5. What are the prime factors of h?
2
Let q(z) = z**2 + 5*z - 3. Let n be q(-6). Let h = n + 0. Suppose -a + h*y = -12, -5*y = -2*a + 12 + 12. List the prime factors of a.
2, 3
Suppose -3*k = u - 67, -u = 4*u - k - 255. What are the prime factors of u?
2, 13
Suppose -f + 0*f + 171 = 0. List the prime factors of f.
3, 19
Suppose 3*x = -3*d - 72 + 294, -5*d + 10 = 0. What are the prime factors of x?
2, 3
Let h be (-30)/10*2/(-6). Let i = 24 - h. What are the prime factors of i?
23
Suppose 0 = o + 3, 3*c + 0*o - 114 = 2*o. Let h = 52 - c. What are the prime factors of h?
2
Let q(m) = 9*m**2 - 2*m - 4. Let p be q(4). Let g be 1*-1 - 9*-1. List the prime factors of p/g*(-2)/(-3).
11
What are the prime factors of 10/(-4)*(1 + -83)?
5, 41
Suppose 5*z + 4*i = 15, 0 = 3*z - 3*i - 0 - 9. Let q be (z/6*2)/1. List the prime factors of (0 - -11) + q - -1.
13
Suppose 5*x + b - 1141 = 0, -5*x + 0*b + 5*b = -1165. List the prime factors of x.
229
Let t(m) = m**2 - 7*m + 5. Let j = -2 + 2. Suppose j = -x - x + 16. List the prime factors of t(x).
13
Let m(k) = k**3 - 9*k**2 - 8*k. Let z be m(10). Suppose 2*l - z = 30. List the prime factors of l.
5
Let h(w) = w**3 - 9*w**2 + 4*w + 9. Let y be h(9). Suppose 5*a - i = -3 + y, 12 = 4*i. What are the prime factors of a?
3
Let u be (4 + -2 + -2)/1. Let o = -5 + 10. Suppose 29 = 5*r + 3*p - 26, -o*p = u. What are the prime factors of r?
11
Let a = 438 - 258. List the prime factors of a.
2, 3, 5
Let m(t) = -2*t**2 + 3*t - 7. Let o(n) = 2*n**2 - 2*n + 6. Let x(w) = 5*m(w) + 6*o(w). List the prime factors of x(-3).
2, 5
Let w = 2 + -3. List the prime factors of w/3 + 20/6.
3
Suppose -2 = -4*p + 6. What are the prime factors of 1/p + 138/4?
5, 7
Suppose 0 = 3*v - 0*v + 6. List the prime factors of (-26)/(-2) - (1 - v).
2, 5
Suppose -124 = -3*b + 4*n, -5*b + 0*b = n - 222. Suppose 0*s = -4*s + b. List the prime factors of s.
11
Suppose 2*o - 13 = 3*o - 5*y, 4*y = 12. Let b(r) = 2*r**3 + 2*r**2 - 3*r + 3. Let q be b(o). Let x = 31 - q. What are the prime factors of x?
2, 5
Let t(u) = -u**3 - 4*u**2 - 3*u + 2. Let w be t(-3). Suppose 0 = f + f + 3*c - 5, 5*f - w*c = 41. What are the prime factors of f?
7
Suppose 14 = 2*l - 46. What are the prime factors of l?
2, 3, 5
Let t = -32 + 19. Let i = t + 23. List the prime factors of i.
2, 5
Let c(g) = 5*g - 4. Let u be c(-4). What are the prime factors of 4/(-10)*(u - 6)?
2, 3
Suppose -x - 2 = 0, 2*z - 4*z - x = -202. List the prime factors of z.
2, 3, 17
Let t = 8 + 0. Let u = t - 8. Suppose 3*h + 0*h - 27 = u. What are the prime factors of h?
3
Let y(d) = 2*d + 2. Let h be y(-7). What are the prime factors of 4/6 - 136/h?
2, 3
Suppose 2*n + 4*m - 25 = -5, 20 = 3*n + 4*m. Suppose 2*q - 48 + 14 = 4*s, s + 4*q - 14 = n. Let j(u) = -2*u - 1. List the prime factors of j(s).
11
Let g = 154 - 39. What are the prime factors of g?
5, 23
List the prime factors of (1 - 5) + (249 - (-2 + 4)).
3
Let o be 3/2*40/6. Let g = o + -8. List the prime factors of g.
2
Let z = 5 + -7. Let i(h) = h**3 - h**2 - 4*h + 4. Let v be i(3). Let f = v - z. List the prime factors of f.
2, 3
Let d(j) = j + 9. Let a be d(-8). Let k be a/(-2) - 7/(-2). Suppose -r